) = 9*o**2 + 2. Suppose -3*z - 21 = -0*z - 4*n, -24 = 3*z - 5*n. Let s be l(z). Suppose s = 3*x - 79. Calculate the highest common factor of 36 and x.
18
Suppose 2786 = -2*t + 9*t. Suppose t + 396 = 3*a - 4*s, 5*s = 4*a - 1060. What is the greatest common factor of a and 30?
30
Suppose -5*b = 25, 0 = 4*v + b - 27 - 60. What is the highest common divisor of 92 and v?
23
Let d(c) = -22*c + 18. Let y(w) = 7*w - 6. Let m(p) = -5*d(p) - 16*y(p). Let n be m(0). What is the highest common divisor of n and 15?
3
Suppose 0 = 3*m - 4*s - 149, 4*m - 12 = -5*s + 228. Suppose -3*w - m = -j + 9, 12 = 3*w. Calculate the highest common factor of j and 114.
38
Let r = 154 - -14. Calculate the greatest common divisor of 84 and r.
84
Suppose 366 = 4*f - 6*l, -f + 4*l + 5 + 89 = 0. Let s be 30/(-4)*8/(-6). What is the highest common divisor of f and s?
10
Let f(l) = -l**3 + 35*l**2 + 4*l + 3. Let t be f(35). Calculate the greatest common divisor of 26 and t.
13
Suppose 5*j = 4*x - x + 19, -j = 4*x + 10. Suppose 0 = -m + 3 - j. Let o be 21 - (4/2 - m). Calculate the highest common factor of 20 and o.
20
Let p(s) = 2*s - 1. Let g be p(1). Suppose 0 = i + g - 4. Let x = 2373 - 2352. Calculate the highest common divisor of x and i.
3
Suppose 0 = 4*k - 388 - 8. Let g be (30/18 - 1)*33/2. Calculate the highest common factor of g and k.
11
Let l(j) = j**3 - 4*j + 1. Let r be l(0). Calculate the highest common divisor of r and 125.
1
Suppose -4*m - 2*h - 18 = 0, -m - 5*h + 15 = -3*m. Let g = m + 4. Let t = 23 + g. What is the highest common factor of 2 and t?
2
Let o = 8 + 2. Let b(y) = 3 - 3 + y**2 - 4 + 13*y. Let g be b(-14). Calculate the greatest common factor of g and o.
10
Suppose 46 - 235 = -9*h. Calculate the highest common divisor of 30 and h.
3
Suppose 0 = 4*c - 30 - 90. Suppose 24*z - 334 = 146. Calculate the highest common factor of c and z.
10
Let x = 22 - 20. Let o(m) = 7*m - 2. Let p be o(x). Suppose 5*b + 12 = -2*k, -2*b = 3*k + k - 8. Calculate the greatest common factor of p and k.
4
Let i be (-12)/(-2) - 60/(-15). Let k be (-3)/6 + (-402)/(-4). What is the highest common factor of k and i?
10
Let s(j) = 191*j + 111. Let g be s(4). Calculate the greatest common divisor of g and 35.
35
Let m be (0 + 2)*(-4 + (13 - 8)). Let z be (6/9)/(2/3). Calculate the greatest common factor of m and z.
1
Let r = -519 - -780. What is the greatest common factor of 58 and r?
29
Let c(x) = -17*x - 128. Let p be c(-8). What is the highest common divisor of p and 32?
8
Suppose 10 = -5*c, -3*k + 2*c = -7 - 6. Suppose 80 - 17 = -k*w. Let u be (0 - (-2 - -5))*w. Calculate the greatest common factor of 9 and u.
9
Let a be 2/(-4 + 696/172). Let c = a - 19. Calculate the highest common divisor of 60 and c.
12
Let l = 104 + -84. Suppose -4*c = -4*n + 3*n + l, 4*n = 5*c + 47. Calculate the greatest common factor of 184 and n.
8
Let g be (-4 + (-16)/6)*-60. Suppose -5*i = 5*u - 995, 0*i = 2*u + 4*i - g. Calculate the greatest common factor of u and 18.
18
Let c = -51 - -195. What is the greatest common divisor of c and 96?
48
Suppose -5*z = -h + 71, 3*h - 5*z - 335 = -2*h. Suppose -2*m + 3 + 13 = 0. Suppose 5*o = m*o - h. What is the highest common factor of 88 and o?
22
Let p be (-30)/5 + 4*596/16. What is the highest common factor of 52 and p?
13
Suppose -2*y + 9 = -5*y. Let g be (y - 3/(-6))*-18. Calculate the highest common factor of 15 and g.
15
Let v = 49 - 51. Let o be v + 21/9 - (-70)/6. What is the greatest common factor of o and 48?
12
Let p = -18 + 24. Suppose -p*j + 40 = -2*j. What is the greatest common factor of j and 70?
10
Let y be (-7)/(-91) - 2024/(-52). What is the greatest common factor of 26 and y?
13
Suppose 13*l = 25*l - 36. What is the greatest common factor of 30 and l?
3
Let q(a) = a**2 - 3*a - 1. Let h be q(5). Let x(c) = -c**3 - 3*c**2 + 2*c + 1. Let t be x(-3). Let k = 50 + t. What is the greatest common factor of k and h?
9
Let v(w) = 4*w**2 + 2*w + 105. Let o be v(0). Suppose 5*x - 70 = -u, 2*u + 4*x - 140 = x. Calculate the highest common factor of o and u.
35
Suppose h + 5 = -0. Let t be ((-105)/(-9) + h)*(3 + 0). What is the highest common divisor of t and 160?
20
Suppose 3*o - 57 = j, 5*o + 7*j = 6*j + 103. Calculate the highest common divisor of o and 620.
20
Suppose 0 = -3*r + 6 + 3, -2*i + r + 1555 = 0. Calculate the highest common factor of i and 19.
19
Let i = 58 + -52. Suppose 0*c - 5*c = 0. Let w be 2 + c*3/i. What is the greatest common divisor of w and 6?
2
Suppose 0 = 3*n - 3*w + 12, 33*w = 5*n + 38*w - 30. Calculate the highest common divisor of 27 and n.
1
Let q(n) = -40*n + 8. Let c(p) = -1. Let f(v) = -10*c(v) - q(v). Let o be f(1). What is the highest common divisor of 28 and o?
14
Let p(a) = -a**2 - 5*a + 21. Let h be p(-7). What is the highest common divisor of h and 133?
7
Suppose -10*a + 6*a = -8. Suppose -a*i - 4*l = -2*l - 38, 0 = 2*l - 10. Calculate the greatest common factor of 14 and i.
14
Let t(c) = 2*c**3 - 11*c**2 + 5*c. Let y be t(6). What is the greatest common factor of y and 132?
66
Suppose 0*q - q + 30 = 3*n, 0 = 3*q - n - 90. Suppose 0 = -0*w + 5*w - q. Suppose 3*h - 7 = 47. Calculate the greatest common divisor of h and w.
6
Let p(z) = -z + 16. Let a be p(14). Let r be (28/35)/(a/5). What is the greatest common divisor of r and 10?
2
Suppose 5*y = 21 + 9. Let o(d) = d**3 + 24*d**2 + 20*d - 15. Let x be o(-23). Calculate the greatest common factor of x and y.
6
Suppose -4*y = -12, -2*y + 0 = 4*t + 2. Let s be 174/9 - 3/9*t. What is the highest common factor of s and 40?
20
Let a be 32/(-12) - (-81472)/114. Calculate the greatest common divisor of 24 and a.
8
Let h be 4/(-6)*3 - 894. Let o be h/144 + 2/9. Let f be (-286)/o - 1/(-3). What is the greatest common divisor of f and 6?
6
Let l(v) = v - 8*v - 14 + 2*v. Let s be l(-9). Let r = 36 - s. Calculate the highest common factor of 40 and r.
5
Suppose -115*o - 378 = -133*o. Calculate the highest common factor of o and 91.
7
Let r(b) = -3*b**2 - 90*b - 33. Let z be r(-22). Calculate the greatest common divisor of z and 30.
15
Let m = 125 + -161. Let a = 48 + m. Calculate the highest common divisor of a and 72.
12
Let z = 81 - 77. Suppose 0 = z*p - 12, 2*p - 36 = 2*v - 4*v. Calculate the highest common divisor of v and 5.
5
Suppose -4*o + 1609 = -3391. Suppose -2*k - 756 = -3*c, 4*c + 242 = -4*k + o. Suppose -2*a = a - c. What is the greatest common divisor of a and 21?
21
Let v be 1 - 52/(-1) - -3. Let a = v - 30. Let i(p) = p + 39. Let w be i(0). What is the highest common divisor of w and a?
13
Suppose -4 = -6*j + 2*j. Suppose -5*s + 9 = 3*l, 16*s = 13*s + 5*l + 19. Calculate the greatest common factor of j and s.
1
Let r = 283 + -303. Suppose -s - 88 = 3*s. Let a = r - s. What is the greatest common divisor of 2 and a?
2
Let l = 228 + -131. Suppose 235 + l = -2*v. Let z = v + 234. What is the greatest common factor of z and 17?
17
Let a be (-21)/42*(-3)/(6/16). Suppose a*q - 12 - 8 = 0, -3*q = 3*t - 315. Calculate the greatest common divisor of t and 4.
4
Suppose 0*j - j = -6. Let y = 113 + -41. Let b be (y/(-14))/(14/(-49)) + 0. Calculate the greatest common factor of j and b.
6
Suppose -4*x + 324*k + 1250 = 322*k, 4*x + 5*k = 1243. Calculate the greatest common divisor of 204 and x.
12
Let r(z) = -5*z - 8. Let q be r(-6). Let v be 2/(4 + -2) + -10. Let b be (v - -1)*(-18 - 4). What is the highest common factor of q and b?
22
Let o be 128/48*(-9)/(-2). Let m = 9 + -7. Suppose -t + 4*t + 27 = 4*w, 5*w - m*t = 32. Calculate the greatest common divisor of w and o.
6
Suppose 5*i = 2*d - 6*d + 1818, 0 = -3*i + 3*d + 1107. Suppose i = 8*n - 242. What is the greatest common divisor of n and 4?
4
Let z(p) = p + 55. Let f be z(9). Suppose -2*n + 32 = 2*u, u + 5*n + 48 = 4*u. Calculate the greatest common factor of u and f.
16
Let o(f) = 9*f**2 - 69*f + 504. Let j be o(7). What is the highest common factor of 847 and j?
77
Let t(u) = 5*u**2 + 132*u - 95. Let f be t(-28). Calculate the greatest common factor of 3 and f.
3
Let k = 228 - 110. Suppose -4*f = -h - 5*f + 31, -4*h + 2*f + k = 0. Calculate the greatest common factor of 20 and h.
10
Suppose -7*i + 3*i = -2*q - 42, -5*i + 15 = 5*q. Let f(a) = 5*a**3 - a**2 + 7*a - 10. Let v be f(2). What is the highest common di